 5*c + 11 = 0, -4*l + 0*c = -2*c - 22. Suppose 32 = l*j - 2*j. Suppose -t = -5*t + j. Calculate the remainder when 3 is divided by t.
1
Let w = 55 - 6. Calculate the remainder when w is divided by 26.
23
Let a = 3 - -13. Calculate the remainder when 28 is divided by a.
12
Calculate the remainder when 94 is divided by 5/(-30)*0 + (-48)/(-2).
22
Let h(p) = 2*p**2 - 1. Let c be h(-2). Let i = -20 - -19. Let d = i + c. Calculate the remainder when d is divided by 4.
2
Suppose 4*t = 7 + 9. Suppose 3*y = 4*m + 73, 134 = t*y + 3*m - m. Suppose 72 = 5*u + 4*u. What is the remainder when y is divided by u?
7
Let x(j) = -3*j**2 + 9*j + j**3 - 7 + 4 - 4*j**2 - 5. What is the remainder when 18 is divided by x(6)?
8
Let w(d) = d**3 + 5*d**2 - 2*d - 4. Suppose 3*v + 13 + 2 = 0. Calculate the remainder when 17 is divided by w(v).
5
Suppose 3*a - 8*a + 45 = 0. What is the remainder when 25 is divided by a?
7
Suppose 4*o - 72 = o. Calculate the remainder when 95 is divided by o.
23
Let b(i) be the first derivative of -i**4/4 - 5*i**3/3 - 5*i**2/2 + 4*i + 1. Suppose k - 2 + 7 = 0. What is the remainder when b(k) is divided by 10?
9
Let z = -6 + 8. Let v(d) = 0 - 6 + 8*d + 5. Calculate the remainder when v(z) is divided by 8.
7
Suppose -6*m + 2*m = -524. Let c = m - 92. Calculate the remainder when c is divided by 10.
9
Let y be 5/(-1)*228/(-30). Suppose 147 = 5*j + r - y, 5*j - 4*r = 185. What is the remainder when j is divided by 13?
11
Let i(d) = -d**2 + 18*d + 22. Calculate the remainder when 63 is divided by i(18).
19
Suppose 4*g = 65 - 21. Suppose 4*r - 210 = -r. What is the remainder when r is divided by g?
9
Suppose -3*d + 2*p = -298, -8*d = -3*d + p - 488. Calculate the remainder when d is divided by 20.
18
Let j(y) = -y**3 - 13*y**2 - 14*y - 8. What is the remainder when 46 is divided by j(-12)?
14
Suppose -2*y = -3*f - 20, -2*f - f - 24 = -3*y. What is the remainder when ((-2)/3)/((-4)/36) is divided by y?
2
Let j = 10 + -5. Suppose 30 - 10 = j*m. Suppose 6*s = 2*s + 28. What is the remainder when s is divided by m?
3
Let n(w) = w**3 - 17*w**2 + 21*w + 4. What is the remainder when n(16) is divided by 43?
41
Calculate the remainder when 63 is divided by 116/7 + 6/(-42)*-3.
12
Suppose -s = -2*s + 20. What is the remainder when 79 is divided by s?
19
Suppose 0 = 5*f - 21 + 6. Suppose 0 = 3*t + w - 42, 2*w - 4 = -f*t + 35. Calculate the remainder when t is divided by 8.
7
Let b be 3 - 6*(-2)/(-4). Suppose -5*w + 3*j + b*j + 85 = 0, 0 = 3*j. Calculate the remainder when w is divided by 6.
5
Suppose 4*c + 160 = -0*c. Let z = c - -66. What is the remainder when z is divided by 14?
12
Let s = -5 - -5. Let b = 8 - s. What is the remainder when b is divided by (2/(-3))/(8/(-60))?
3
Suppose -5*g + 3 = -17. Suppose -g*s - 12 + 76 = 0. Suppose j - s = 8. Calculate the remainder when j is divided by 13.
11
Let n = -34 - -65. Calculate the remainder when n is divided by 16.
15
What is the remainder when (-3)/(2/(-56)*6) is divided by 8?
6
Let d(p) = 8 + 8*p + p - 2*p**2 + p**2 + 3. What is the remainder when d(9) is divided by 7?
4
Suppose -4*h + 3 = -5. Suppose -14 - 4 = -h*w. Calculate the remainder when w is divided by 3.
0
Let w(q) = -q**3 + 11*q**2 + 13*q + 5. What is the remainder when 31 is divided by w(12)?
14
Let t(z) = z + 36. Let m be t(0). Suppose -4*q + 8*q = m. Calculate the remainder when q is divided by ((-14)/(-4) - 1)*2.
4
Calculate the remainder when 122 is divided by (1 + (-1)/3)*1107/18.
40
Let d = 4 - -29. Suppose 2*m + 7 = d. Suppose 0 = -0*b + 2*b - 74. Calculate the remainder when b is divided by m.
11
Let u = 39 - 9. Let q = u - 9. Let v(y) = y**2 - 4*y + 6. Calculate the remainder when q is divided by v(5).
10
Let o(t) = 3*t + 10. Let r be o(10). Let k = r - 26. What is the remainder when k is divided by 5?
4
Let f = 73 - 68. What is the remainder when 16 is divided by f?
1
Let a(l) = 3*l**2 + 2*l - 2. Let n be a(2). Suppose 0 = o + n - 100. Suppose 4*q + 2*t = o, -4*t + t = -q + 25. What is the remainder when q is divided by 12?
10
Let z be (1 + -2 - 1) + 35. Suppose 3*y + c - 26 = -0*c, -c + z = 4*y. What is the remainder when 12 is divided by y?
5
Suppose 2*p - p - 193 = 0. Suppose 5*k + 3 = p. Suppose 4*u = u + 39. What is the remainder when k is divided by u?
12
Let u(k) = k**3 - 7*k + 15. What is the remainder when 62 is divided by u(3)?
20
Let n = 17 + -2. Calculate the remainder when 39 is divided by n.
9
Suppose 7 + 1 = -4*o. Let k = o + 6. Calculate the remainder when 9 is divided by k.
1
What is the remainder when -18 - -19 - (0 - (106 - 0)) is divided by 11?
8
Let v(d) = 6*d + 1. Let h be v(1). Let i(j) = -2*j - 2. Let p be i(-2). What is the remainder when 10 is divided by (-78)/(-21) + p/h?
2
What is the remainder when 17 is divided by (-10)/4*(-2 + 1)*6?
2
Let d(o) = -o + 11. Suppose 3*b - 11 = 13. What is the remainder when d(b) is divided by 1?
0
Suppose 164 = t - 70. Let o be (-3)/12 + t/8. Let r = 11 + o. Calculate the remainder when r is divided by 14.
12
Let o = 14 - 11. Suppose -3*t = 5*y - 2*y - 30, -2*t + o*y = -10. What is the remainder when 10 is divided by t?
2
Let b(z) = -3*z - 8 + z + 2 - 4. Calculate the remainder when 10 is divided by b(-8).
4
Let j = -38 + 71. What is the remainder when j is divided by 20?
13
Suppose 0 = 3*z + 2*i - 175, 6*z - 2*z - 238 = 2*i. What is the remainder when z is divided by 30?
29
Let d = 41 + -6. What is the remainder when d is divided by 18?
17
Let y(f) = -7*f - 8. Let s(m) = 9*m + 3. What is the remainder when y(-6) is divided by s(1)?
10
Let o = 15 + 25. Suppose 0 = -5*u + u + o. Calculate the remainder when 37 is divided by u.
7
Let x(y) = 56*y**2 - 2*y + 1. Let o be x(1). Suppose o = 4*j + 3. Let g = -5 + 30. What is the remainder when g is divided by j?
12
Suppose 4 = 5*g - y + 28, g - 3*y + 16 = 0. Let c = 9 + g. What is the remainder when 17 is divided by c?
2
Let t = -4 + 8. Suppose 5 = -4*f + 4*h - 3, 0 = 2*f + 2*h - 16. Suppose g + f = 13. What is the remainder when g is divided by t?
2
Suppose -3*y = -4*p + 9, -1 = -2*y + 1. Suppose -3*r = r - 2*q - 4, 3*q + 6 = -p*r. Let w = 3 - r. Calculate the remainder when 4 is divided by w.
1
Suppose 4*j = d - 0*j - 5, -15 = -3*d - 2*j. What is the remainder when d is divided by 4?
1
Suppose 2*l - 12 = 5*t + 6, -3*t + 5*l - 26 = 0. Let z be (-7 - t) + 6/3. Calculate the remainder when z/6 - 22/(-4) is divided by 2.
1
Let a = -3 - -3. Suppose -4*y + 5*z + 32 = a, -z - z + 4 = 4*y. Suppose y*t - 209 = -5*n, -28 = -n - 0*t + 4*t. Calculate the remainder when n is divided by 21.
19
Let y(c) = 24*c**2 + c. Let k(o) = 2*o**3 - 2*o**2 + 1. Let x be k(1). Calculate the remainder when y(x) is divided by 9.
7
Suppose 2*l = -2*a + 76, -3*l + 2*l + 140 = 4*a. What is the remainder when a is divided by 10?
4
Let s(z) = z**3 + 8*z**2 - 9*z + 4. What is the remainder when 7 is divided by s(-9)?
3
What is the remainder when (2/(-6))/(1/(-165)) is divided by 19?
17
Let p(h) = -h**3 + 6*h**2 - 6*h + 6. Let w be p(4). Calculate the remainder when 34 is divided by (21/w)/(2/12).
7
Suppose 0*j = -2*j + 68. Let v = 50 - j. What is the remainder when 61 is divided by v?
13
Let l = -13 - -24. Calculate the remainder when 53 is divided by l.
9
Let t(y) = 42*y**2 + 1. Let h(g) = g**3 - 10*g**2 + g - 11. Let p be h(10). Calculate the remainder when t(p) is divided by 22.
21
Let q = 3 - -25. Calculate the remainder when q is divided by 9.
1
Suppose 33 = 3*r - n, 4*n - 54 - 6 = -4*r. Calculate the remainder when 22 is divided by r.
10
Let o(f) = 6 + 2*f**2 - 3*f**2 - 4. Let y be o(0). Suppose -4*z + 52 = y*w, 3*w = 2*w - 5*z + 41. Calculate the remainder when 47 is divided by w.
15
Suppose -2*n - 3*i + 76 = 0, -4*i = -3*n - 2*i + 114. Let b(s) = s - 2. Let j be b(4). Suppose 4 - n = -j*a. Calculate the remainder when a is divided by 9.
8
Let n = -3 + 19. What is the remainder when 28 is divided by n?
12
Suppose -2*f = 2*z + 2*z - 278, -3*f + 15 = 0. What is the remainder when z is divided by 23?
21
Suppose a + 6 = 9. Suppose 0 = -a*s + s + 74. Calculate the remainder when s is divided by 19.
18
Suppose 5 = -5*s + 10. Let d = 3 + s. Suppose -d*f + 72 = -f. What is the remainder when f is divided by 13?
11
Suppose -5*r + 340 = 5*n - 3*n, 0 = 3*r + 3*n 